hest common factor of g and z.
4
Let x = -565 - -260. Let b = x + 539. Calculate the greatest common factor of b and 26.
26
Suppose 0 = -0*v - v + 20. Calculate the highest common factor of v and 140.
20
Let b = -201 + 293. Calculate the highest common divisor of b and 23.
23
Suppose -5*l - 2*d - 2*d = -150, 0 = 2*l + 5*d - 77. What is the highest common factor of 13 and l?
13
Suppose 9 = 2*b - 131. Calculate the greatest common factor of b and 10.
10
Let l be (-192)/(-88) + 2/(-11). Suppose x - l*z = 5, -z - 18 = 3*x - 54. Calculate the greatest common factor of x and 44.
11
Suppose 3*i + j = 86, -5*i + 92 = 5*j - 68. Calculate the greatest common factor of i and 243.
27
Suppose 0*m - 200 = -5*m. Suppose m = f - 13. Suppose 0 = -2*j - 17 + f. Calculate the highest common factor of j and 9.
9
Let b be 1/7 - 1872/(-126). What is the highest common factor of 120 and b?
15
Suppose -2*d + 6 = 0, 2*d = -3*c - 2*c - 104. Let f = -8 - c. What is the greatest common divisor of f and 21?
7
Suppose 4*f - 4*s + 4 - 48 = 0, 35 = 4*f - s. Calculate the highest common factor of f and 20.
4
Let o be (-10)/(-25) + (-54)/(-15) + 0. Calculate the highest common divisor of 36 and o.
4
Suppose -21 = b - 4*b. Suppose 3*z = -2*j + 29, b*z - 3*z = -4. Calculate the highest common factor of j and 8.
8
Suppose -3*l = -179 - 178. Let r be 21 + ((-20)/6 - 26/39). Calculate the highest common divisor of r and l.
17
Let t = 40 - 33. What is the greatest common factor of 14 and t?
7
Suppose 27*j - 25*j = 32. What is the highest common divisor of j and 28?
4
Let a = -2 - -3. Suppose 29 = 5*w - a. Calculate the greatest common factor of w and 2.
2
Suppose 0 = 7*b - 4*b - 18. Let y be 12/2 - 2 - 1. Calculate the greatest common divisor of y and b.
3
Suppose -108 = -2*z - 2*z. Suppose -115 = -9*v + 47. What is the greatest common divisor of z and v?
9
Let u = 385 - 185. What is the highest common divisor of 25 and u?
25
Let y be (1*2)/((-3)/(-6)). Suppose l + 5 = 3*s - 0, -2*l = -5*s + 7. What is the highest common factor of y and l?
4
Let p be 4*(9/6 + -1). Let q be p/(-9) - (-158)/(-18). Let n be (-12)/q*(-21)/(-1). Calculate the highest common factor of n and 4.
4
Suppose -3*u - 2*n + 36 + 50 = 0, -n + 88 = 3*u. Let h = -67 + 115. Let v be 0 + h*1 + -3. Calculate the greatest common factor of v and u.
15
Suppose 4 = 5*t - t. Calculate the greatest common divisor of 4 and t.
1
Let u(k) = -k**3 - 9*k**2 + 17*k + 22. Let p be u(-11). What is the greatest common factor of 11 and p?
11
Let r(j) = j**3 + 6*j**2 - 5. Let h be r(-6). Let t(k) = k**3 + 4*k**2 - 6*k + 2. Let f be t(h). Calculate the highest common factor of 56 and f.
7
Suppose -2*v - 2*v + 4 = 0. Let u be 1/(v/(-8)*2). Let h be 1/((-1)/(u/1)). What is the greatest common divisor of h and 20?
4
Suppose 2*r - 2*x - 14 = 0, -2*r - r + 4*x = -25. Suppose -h - 273 = -r*u, -5*u - 3*h + 264 = -177. What is the greatest common factor of 9 and u?
9
Suppose -2*k + 110 = 3*k - 3*h, -3*h = 0. Calculate the greatest common divisor of k and 2.
2
Let n(i) = -33*i + 1. Let l be n(-1). Calculate the greatest common divisor of l and 340.
34
Let o(i) = i**3 - i**2 - i + 26. Let z be o(0). Let l be 2/(-6) - z/(-6). What is the highest common factor of l and 4?
4
Let o be (-3 - (1 + -4)) + 2. Suppose -3*n + 132 = o*s, -4*s + n = -2*s - 116. Calculate the greatest common divisor of s and 40.
20
Let q(g) = 2*g**2 + 3*g + 3. Let p be q(-7). Calculate the greatest common divisor of 16 and p.
16
Suppose -q - 2*t + 57 = 4*q, -5*q = -5*t - 50. Let a be 6/(-33) + 101/q. What is the greatest common divisor of 45 and a?
9
Suppose 13*y = 9*y + 8. Calculate the highest common divisor of y and 82.
2
Let a(q) = 28*q**2 + 2*q + 1. Suppose 0 = -5*l + 5*x + 40, 2*x + 5 + 1 = 0. Let g = 7 - l. Let p be a(g). Calculate the highest common divisor of 13 and p.
13
Suppose 3*q + 0*q - 3*h = 954, -3*q + 936 = 3*h. Let m = -108 + q. What is the greatest common divisor of 23 and m?
23
Suppose a + 4*a + l - 2 = 0, 0 = 4*a + 4*l + 8. What is the greatest common divisor of 3 and a?
1
Suppose 4*u = 3*d + 45, -3*d - 13 = -u - 4. Calculate the highest common divisor of u and 12.
12
Suppose t + 1 = 0, 5*u = 2*u - 4*t + 2. Let n be (0/1)/(-3 + u). Suppose -i - 1 + 14 = n. What is the greatest common divisor of i and 91?
13
Suppose 6*y - 42 = 3*y. Let c = y + -11. What is the highest common divisor of c and 24?
3
Suppose 4*q - 2*q - 240 = 0. Calculate the greatest common factor of 15 and q.
15
Let j(x) = 7*x**2 + x - 2. Let u(y) = -15*y**2 - y + 5. Let r(a) = 5*j(a) + 2*u(a). Let v be r(5). What is the highest common divisor of v and 56?
28
Let a(o) = -o**3 + o - 3. Let l be a(0). Let t = -4 - l. Let z be (-11)/t + (7 - 4). Calculate the greatest common divisor of 126 and z.
14
Suppose -5*k = -0*k - 5. Let b = -4 - -6. What is the greatest common factor of k and b?
1
Let z = 148 + -131. What is the highest common divisor of 289 and z?
17
Suppose r - a - 4 = 0, -26 = -4*r - 5*a + 8. Suppose r*m - 48 = 3*m. Calculate the greatest common divisor of m and 2.
2
Suppose 0 = -3*w + 6*w - 3. Suppose 2*y + 2*y = 8. Calculate the highest common factor of y and w.
1
Suppose -2*a + 15 = -a. What is the greatest common factor of 5 and a?
5
Suppose -3*l + 33 - 12 = 0. Let j(u) = -u**3 + 10*u**2 + u - 10. Let k be j(l). What is the highest common factor of k and 16?
16
Suppose -3*l = y - 50, 3*l - 100 = -5*y + 114. Calculate the greatest common factor of y and 41.
41
Suppose 2 = 4*b - 6. Let x be (2 + 39/6)*b. Let s be (9/2 - 0)*34. What is the highest common factor of x and s?
17
Suppose h + 3*h - 84 = 0. What is the greatest common factor of 14 and h?
7
Suppose 6*m - 3*m - 78 = 0. Let v be (-4)/m - 184/(-13). Calculate the highest common factor of 56 and v.
14
Let l = -21 - -36. Suppose -188 - 262 = -3*y. Calculate the greatest common factor of l and y.
15
Let l = -5 - -9. Let t be 490/21*(-18)/(-15). What is the greatest common factor of t and l?
4
Let l be (1 - 28/3)/((-5)/30). Calculate the greatest common factor of l and 20.
10
Suppose -5*q + 2*q = -9. Let g = 21 + q. Suppose 5*z - g = -3*a, z + 2*a = -2*z + 14. Calculate the greatest common divisor of 30 and z.
6
Let t = -146 - -212. Suppose -90 = -5*l - 4*q, 120 = l + 4*l - 2*q. What is the greatest common divisor of l and t?
22
Suppose 189 = 5*i - 596. Suppose w + 2*s + 61 = 0, 5*s - i = 2*w + 2*s. Let j = 161 + w. What is the greatest common divisor of j and 10?
10
Suppose -6*c = -2*c + 3*v - 5, v = -c. Suppose -18 = -c*b + 4*b. Let g(p) = 27*p. Let a be g(2). Calculate the highest common divisor of b and a.
18
Let d be 43/4 - (-1)/4. Let s = 6 - -4. Suppose -x = q - s, -4*q - 26 = -8*x + 6*x. What is the greatest common divisor of d and x?
11
Let q(p) = -p**3 - 2*p**2 + 4*p - 4. Let u be q(-4). Let o = u - -36. Suppose o = z + z. What is the highest common factor of z and 12?
12
Suppose 0 = -2*l + 293 + 57. Calculate the greatest common factor of l and 25.
25
Let k(h) = 5*h - 5. Let n be (-12)/42 - (-74)/14. Let c be k(n). Let w = 38 - c. What is the greatest common divisor of 2 and w?
2
Let p be ((-22)/55)/((-4)/10). Calculate the highest common divisor of 1 and p.
1
Let i(y) = 30*y**3 - y**2 + y. Suppose 3*s + 16 = -2. Let n be 2/(-6) - 8/s. Let x be i(n). What is the highest common divisor of 10 and x?
10
Let s(a) = -a**2 - 3*a + 6. Let i be s(-4). Suppose 0 = 2*u - 8 + 2. Let r be 2/u*27/i. Calculate the greatest common factor of r and 18.
9
Let o be (17 - 1)/((-10)/(-45)). Let a be 4/16*37 + 2/(-8). What is the greatest common factor of o and a?
9
Let w = -16 + 46. Suppose 2*i + 4*u = w, -2*i + 0*u + 24 = u. What is the highest common factor of i and 22?
11
Let t = -19 - -41. Let y = -16 + 34. Let m be 2/y - (-3458)/63. What is the greatest common factor of m and t?
11
Suppose 4*j = -4*k + 52, 7*j - 34 = 5*j + 2*k. Calculate the greatest common factor of 75 and j.
15
Let g = -15 - -17. Suppose -5 + 1 = -t. Calculate the greatest common divisor of t and g.
2
Let o be -2 + 3 + 100/4. Let i(f) = 3*f - 8. Let n be i(7). Calculate the greatest common factor of n and o.
13
Suppose 3*o - 50 = 34. Suppose -3*u + 5*k - 8 = -o, -u + 5*k = 0. Let a = -61 - -141. Calculate the greatest common divisor of a and u.
10
Let c be -84